{"id":47,"date":"2019-05-22T02:40:13","date_gmt":"2019-05-22T02:40:13","guid":{"rendered":"https:\/\/worshiproom.ro\/index.php\/home\/"},"modified":"2026-04-03T17:36:22","modified_gmt":"2026-04-03T17:36:22","slug":"home","status":"publish","type":"page","link":"https:\/\/worshiproom.ro\/","title":{"rendered":"Home"},"content":{"rendered":"<!--themify_builder_content-->\n<div id=\"themify_builder_content-47\" data-postid=\"47\" class=\"themify_builder_content themify_builder_content-47 themify_builder tf_clear\">\n                    <div  data-css_id=\"fm4x715\" data-lazy=\"1\" class=\"module_row themify_builder_row fullwidth_row_container tb_fm4x715 tb_first tf_w\" data-tbfullwidthvideo=\"https:\/\/worshiproom.ro\/wp-content\/uploads\/2025\/09\/Worship-Room-2.mp4\">\n                        <div class=\"row_inner col_align_top tb_col_count_2 tf_box tf_rel\">\n                        <div  data-lazy=\"1\" class=\"module_column tb-column col3-2 tb_7oav717 first\">\n                    <!-- module text -->\n<div  class=\"module module-text tb_zkhe779   \" data-lazy=\"1\">\n        <div  class=\"tb_text_wrap\">\n        <h1>Worship Room\u00a0<br>un spa\u021biu al \u00eent\u00e2lnirii cu Dumnezeu.\u00a0<\/h1>    <\/div>\n<\/div>\n<!-- \/module text --><!-- module buttons -->\n<div  class=\"module module-buttons tb_9apy8 buttons-horizontal solid   rounded\" data-lazy=\"1\">\n        <div class=\"module-buttons-item tf_in_flx\">\n                        <a href=\"https:\/\/worshiproom.ro\/index.php\/about\/\" class=\"ui builder_button tf_in_flx tb_default_color\" >\n                                                Mai multe detalii                                        <\/a>\n                <\/div>\n            <\/div>\n<!-- \/module buttons -->\n        <\/div>\n                    <div  data-lazy=\"1\" class=\"module_column tb-column col3-1 tb_7ztg813 last\">\n                            <\/div>\n                        <\/div>\n        <\/div>\n                        <div  data-css_id=\"l45927\" data-lazy=\"1\" class=\"module_row themify_builder_row fullwidth_row_container tb_l45927 tf_w\">\n                        <div class=\"row_inner col_align_middle gutter-none tb_col_count_2 tf_box tf_rel\">\n                        <div  data-lazy=\"1\" class=\"module_column tb-column col4-2 tb_6ulp28 first\">\n                    <!-- module text -->\n<div  class=\"module module-text tb_cydu505   \" data-lazy=\"1\">\n        <div  class=\"tb_text_wrap\">\n        <h1>\u00cenchin\u0103tori autentici<\/h1>    <\/div>\n<\/div>\n<!-- \/module text -->        <\/div>\n                    <div  data-lazy=\"1\" class=\"module_column tb-column col4-2 tb_pz63440 last\">\n                    <!-- module text -->\n<div  class=\"module module-text tb_tlnw332   \" data-lazy=\"1\">\n        <div  class=\"tb_text_wrap\">\n        <h3>Misiunea noastr\u0103<\/h3>\n<p>\u00a0este s\u0103 inspir\u0103m \u0219i s\u0103 echip\u0103m muzicieni cre\u0219tini, cultiv\u00e2nd intimitatea cu Dumnezeu \u0219i form\u00e2nd o genera\u021bie de \u00eenchin\u0103tori autentici.<\/p>    <\/div>\n<\/div>\n<!-- \/module text --><!-- module text -->\n<div  class=\"module module-text tb_h6rv712   \" data-lazy=\"1\">\n        <div  class=\"tb_text_wrap\">\n        <h3>Urm\u0103toarea \u00eent\u00e2lnire<\/h3>\n<p>\u00a0Te a\u0219tept\u0103m la urm\u0103toarea \u00eent\u00e2lnire Worship Room \u2013 un timp de \u00eenchinare, \u00eenv\u0103\u021b\u0103tur\u0103 \u0219i cre\u0219tere \u00eempreun\u0103. Vino s\u0103 fii inspirat, echipat \u0219i s\u0103 experimentezi prezen\u021ba lui Dumnezeu al\u0103turi de o genera\u021bie de \u00eenchin\u0103tori autentici.<\/p>    <\/div>\n<\/div>\n<!-- \/module text --><!-- module icon -->\n<div  class=\"module module-icon tb_6q5c912  large  icon_horizontal \" data-lazy=\"1\">\n\t\t\t<div class=\"module-icon-item\">\n\t\t\t\t\t\t\t\t\t\t\t\t\t\t\t\t<em class=\"tf_box\"\n\t\t\t\t\t\t\t\t\t\t\t\t\t\t\t\t\t><svg  class=\"tf_fa tf-ti-time\" aria-hidden=\"true\"><use href=\"#tf-ti-time\"><\/use><\/svg><\/em>\n\t\t\t\t\t\t\t\t\t\t\t\t\t\t\t\t\t\t\t<span>15-16 Mai 2026<\/span>\n\t\t\t\t\t\t\t\t\t\t\t\t\t\t\t<\/div>\n\t<\/div>\n<!-- \/module icon -->\n<!-- module icon -->\n<div  class=\"module module-icon tb_kccq382  large  icon_horizontal \" data-lazy=\"1\">\n\t\t\t<div class=\"module-icon-item\">\n\t\t\t\t\t\t\t\t\t\t\t\t\t\t\t\t<em class=\"tf_box\"\n\t\t\t\t\t\t\t\t\t\t\t\t\t\t\t\t\t><svg  class=\"tf_fa tf-ti-time\" aria-hidden=\"true\"><use href=\"#tf-ti-time\"><\/use><\/svg><\/em>\n\t\t\t\t\t\t\t\t\t\t\t\t\t\t\t\t\t\t\t<span>Vineri - 17.00-20.30; S\u00e2mb\u0103t\u0103 - 09.00-19.00<\/span>\n\t\t\t\t\t\t\t\t\t\t\t\t\t\t\t<\/div>\n\t<\/div>\n<!-- \/module icon -->\n<!-- module icon -->\n<div  class=\"module module-icon tb_81rs818  large  icon_horizontal \" data-lazy=\"1\">\n\t\t\t<div class=\"module-icon-item\">\n\t\t\t\t\t\t\t\t\t\t\t\t\t\t\t\t<em class=\"tf_box\"\n\t\t\t\t\t\t\t\t\t\t\t\t\t\t\t\t\t><svg  class=\"tf_fa tf-ti-location-pin\" aria-hidden=\"true\"><use href=\"#tf-ti-location-pin\"><\/use><\/svg><\/em>\n\t\t\t\t\t\t\t\t\t\t\t\t\t\t\t\t\t\t\t<span>Centrul Cre\u0219tin Ibelieve,  Baia Mare <\/span>\n\t\t\t\t\t\t\t\t\t\t\t\t\t\t\t<\/div>\n\t<\/div>\n<!-- \/module icon -->\n<!-- module buttons -->\n<div  class=\"module module-buttons tb_oqwn580 buttons-horizontal solid   rounded\" data-lazy=\"1\">\n        <div class=\"module-buttons-item tf_in_flx\">\n                        <a href=\"https:\/\/worshiproom.ro\/index.php\/contact-2\/\" class=\"ui builder_button tf_in_flx tb_default_color\" >\n                                                \u00ceNSCRIE-TE!                                        <\/a>\n                <\/div>\n            <\/div>\n<!-- \/module buttons -->\n        <\/div>\n                        <\/div>\n        <\/div>\n                        <div  data-lazy=\"1\" class=\"module_row themify_builder_row tb_09w3711 tf_w\">\n                        <div class=\"row_inner col_align_top tb_col_count_1 tf_box tf_rel\">\n                        <div  data-lazy=\"1\" class=\"module_column tb-column col-full tb_dir0711 first\">\n                    <!-- module image -->\n<div  class=\"module module-image tb_7tbu711 image-center   tf_mw\" data-lazy=\"1\">\n        <div class=\"image-wrap tf_rel tf_mw\">\n            <img loading=\"lazy\" decoding=\"async\" src=\"https:\/\/worshiproom.ro\/wp-content\/uploads\/2025\/09\/WORSHIP-ROOM_logo-1024x723-300x211.png\" width=\"300\" height=\"211\" class=\"wp-post-image wp-image-87\" title=\"WORSHIP ROOM_logo\" alt=\"WORSHIP ROOM_logo\" srcset=\"https:\/\/worshiproom.ro\/wp-content\/uploads\/2025\/09\/WORSHIP-ROOM_logo-1024x723-300x211.png 300w, https:\/\/worshiproom.ro\/wp-content\/uploads\/2025\/09\/WORSHIP-ROOM_logo-1024x723.png 1024w, https:\/\/worshiproom.ro\/wp-content\/uploads\/2025\/09\/WORSHIP-ROOM_logo-768x542.png 768w, https:\/\/worshiproom.ro\/wp-content\/uploads\/2025\/09\/WORSHIP-ROOM_logo-1024x723-500x353.png 500w, https:\/\/worshiproom.ro\/wp-content\/uploads\/2025\/09\/WORSHIP-ROOM_logo.png 1235w\" sizes=\"auto, (max-width: 300px) 100vw, 300px\" \/>    \n        <\/div>\n    <!-- \/image-wrap -->\n    \n        <\/div>\n<!-- \/module image -->        <\/div>\n                        <\/div>\n        <\/div>\n                        <div  data-lazy=\"1\" class=\"module_row themify_builder_row tb_65gs375 tf_w\">\n                        <div class=\"row_inner col_align_top tb_col_count_1 tf_box tf_rel\">\n                        <div  data-lazy=\"1\" class=\"module_column tb-column col-full tb_lnfq376 first\">\n                            <div  data-lazy=\"1\" class=\"module_subrow themify_builder_sub_row tf_w col_align_middle gutter-none tb_col_count_2 tb_ww1g370\">\n                <div  data-lazy=\"1\" class=\"module_column sub_column tb_puz2370 first\">\n                    <!-- module fancy heading -->\n<div  class=\"module module-fancy-heading tb_rq6x17 \" data-lazy=\"1\">\n        <h3 class=\"fancy-heading tf_textc\">\n    <span class=\"main-head tf_block\">\n                    Dona\u021bii            <\/span>\n\n    \n    <span class=\"sub-head tf_block tf_rel\">\n                                <\/span>\n    <\/h3>\n<\/div>\n<!-- \/module fancy heading -->\n<!-- module text -->\n<div  class=\"module module-text tb_tul8133   \" data-lazy=\"1\">\n        <div  class=\"tb_text_wrap\">\n        <h3>Sus\u021bine Worship Room<\/h3>\n<p>Worship Room exist\u0103 pentru a forma \u0219i echipa o genera\u021bie de \u00eenchin\u0103tori autentici. Dac\u0103 vrei s\u0103 fii parte din aceast\u0103 misiune, te invit\u0103m s\u0103 sus\u021bii proiectul prin rug\u0103ciune \u0219i dona\u021bii. Orice contribu\u021bie ne ajut\u0103 s\u0103 organiz\u0103m evenimente, ateliere \u0219i resurse care inspir\u0103 \u0219i transform\u0103 vie\u021bi. \u00cempreun\u0103 putem construi un spa\u021biu unde muzica \u0219i \u00eenchinarea aduc rod pentru \u00cemp\u0103r\u0103\u021bia lui Dumnezeu.<\/p>    <\/div>\n<\/div>\n<!-- \/module text --><!-- module buttons -->\n<div  class=\"module module-buttons tb_h3r9611 buttons-horizontal solid  xlarge rounded\" data-lazy=\"1\">\n        <div class=\"module-buttons-item tf_in_flx\">\n                        <a href=\"https:\/\/donate.stripe.com\/fZueVcdwIfKTb6MdejdnW0c\" class=\"ui builder_button tf_in_flx black\" >\n                                                Doneaz\u0103                                        <\/a>\n                <\/div>\n            <\/div>\n<!-- \/module buttons -->\n        <\/div>\n                    <div  data-lazy=\"1\" class=\"module_column sub_column tb_r23x371 last\">\n                    <!-- module contact -->\n<div  id=\"tb_g085277\" class=\"module module-contact tb_g085277 contact-animated-label \" data-lazy=\"1\">\n    <h3 class=\"module-title\">Trimite-ne un mesaj<\/h3>\n\t<form class=\"builder-contact\"\n\t\tid=\"tb_g085277-form\"\n\t\tmethod=\"post\"\n\t\tdata-post-id=\"47\"\n\t\tdata-element-id=\"g085277\"\n\t\tdata-orig-id=\"47\"\n\t>\n    <div class=\"contact-message\"><\/div>\n\t<input type=\"hidden\" id=\"bc_nonce\" name=\"bc_nonce\" value=\"2367ec6249\" \/><input type=\"hidden\" name=\"_wp_http_referer\" value=\"\/index.php\/wp-json\/wp\/v2\/pages\/47\" \/>\t<div class=\"builder-contact-fields tf_rel\">\n\t\t    \t\t    <div class=\"builder-contact-field builder-contact-field-name builder-contact-text-field\">\n\t\t\t    <label class=\"control-label\" for=\"tb_g085277-contact-name\">\n\t\t\t\t\t\t\t\t\t\t<span class=\"tb-label-span\">Nume <\/span><span class=\"required\">*<\/span>\t\t\t\t<\/label>\n\t\t\t    <div class=\"control-input tf_rel\">\n\t\t\t\t    \t\t\t\t\t    <input type=\"text\" name=\"contact-name\" placeholder=\" \" id=\"tb_g085277-contact-name\" value=\"\" class=\"form-control\" required>\n\t\t\t\t    \t\t\t\t    \t\t\t\t\t    <span class=\"tb_contact_label\">\n\t\t\t\t\t\t    <span class=\"tb-label-span\">Nume <\/span><span class=\"required\">*<\/span>\t\t\t\t\t    <\/span>\n\t\t\t\t    \t\t\t    <\/div>\n\t\t<\/div>\n\t    \n\t\t    \t\t    <div class=\"builder-contact-field builder-contact-field-email builder-contact-text-field\">\n\t\t\t    <label class=\"control-label\" for=\"tb_g085277-contact-email\">\n\t\t\t\t\t\t\t\t\t\t<span class=\"tb-label-span\">Email <\/span><span class=\"required\">*<\/span>\t\t\t\t<\/label>\n\t\t\t    <div class=\"control-input tf_rel\">\n\t\t\t\t    \t\t\t\t\t    <input type=\"email\" name=\"contact-email\" placeholder=\" \" id=\"tb_g085277-contact-email\" value=\"\" class=\"form-control\" required>\n\t\t\t\t    \t\t\t\t    \t\t\t\t\t    <span class=\"tb_contact_label\">\n\t\t\t\t\t\t    <span class=\"tb-label-span\">Email <\/span><span class=\"required\">*<\/span>\t\t\t\t\t    <\/span>\n\t\t\t\t    \t\t\t    <\/div>\n\t\t<\/div>\n\t    \n\t\t    \t\t    <div class=\"builder-contact-field builder-contact-field-subject builder-contact-text-field\">\n\t\t\t    <label class=\"control-label\" for=\"tb_g085277-contact-subject\">\n\t\t\t\t\t\t\t\t\t\t<span class=\"tb-label-span\">Subiect <\/span><span class=\"required\">*<\/span>\t\t\t\t<\/label>\n\t\t\t    <div class=\"control-input tf_rel\">\n\t\t\t\t    \t\t\t\t\t    <input type=\"text\" name=\"contact-subject\" placeholder=\" \" id=\"tb_g085277-contact-subject\" value=\"\" class=\"form-control\" required>\n\t\t\t\t    \t\t\t\t    \t\t\t\t\t    <span class=\"tb_contact_label\">\n\t\t\t\t\t\t    <span class=\"tb-label-span\">Subiect <\/span><span class=\"required\">*<\/span>\t\t\t\t\t    <\/span>\n\t\t\t\t    \t\t\t    <\/div>\n\t\t<\/div>\n\t    \n\t\t    \t\t    <div class=\"builder-contact-field builder-contact-field-message builder-contact-textarea-field\">\n\t\t\t    <label class=\"control-label\" for=\"tb_g085277-contact-message\">\n\t\t\t\t\t\t\t\t\t\t<span class=\"tb-label-span\">Mesaj <\/span>\t\t\t\t<\/label>\n\t\t\t    <div class=\"control-input tf_rel\">\n\t\t\t\t    \t\t\t\t\t    <textarea name=\"contact-message\" placeholder=\" \" id=\"tb_g085277-contact-message\" class=\"form-control\"><\/textarea>\n\t\t\t\t    \t\t\t\t    \t\t\t\t\t    <span class=\"tb_contact_label\">\n\t\t\t\t\t\t    <span class=\"tb-label-span\">Mesaj <\/span>\t\t\t\t\t    <\/span>\n\t\t\t\t    \t\t\t    <\/div>\n\t\t<\/div>\n\t    \n\t\t    \t\t\n\t\t\n\t    \n\t    <div class=\"builder-contact-field builder-contact-field-send control-input tf_textc tf_clear tf_rel\">\n\t\t\t<button type=\"submit\" class=\"btn btn-primary\">\n\t\t\t\t<span class=\"tf_loader\"><\/span>\t\t\t\t<span class=\"tf_submit_icon\"><\/span> \n\t\t\t\tTrimite\t\t\t<\/button>\n\t    <\/div>\n\t<\/div>\n    <\/form>\n    <\/div>\n<!-- \/module contact -->\n        <\/div>\n                    <\/div>\n                <\/div>\n                        <\/div>\n        <\/div>\n        <\/div>\n<!--\/themify_builder_content-->","protected":false},"excerpt":{"rendered":"<p>Worship Room\u00a0un spa\u021biu al \u00eent\u00e2lnirii cu Dumnezeu.\u00a0<\/p>\n","protected":false},"author":1,"featured_media":0,"parent":0,"menu_order":0,"comment_status":"closed","ping_status":"closed","template":"","meta":{"footnotes":""},"class_list":["post-47","page","type-page","status-publish","hentry","has-post-title","has-post-date","has-post-category","has-post-tag","has-post-comment","has-post-author",""],"builder_content":"<h1>Worship Room\u00a0<br>un spa\u021biu al \u00eent\u00e2lnirii cu Dumnezeu.\u00a0<\/h1>\n<a href=\"https:\/\/worshiproom.ro\/index.php\/about\/\" > Mai multe detalii <\/a>\n<h1>\u00cenchin\u0103tori autentici<\/h1>\n<h3>Misiunea noastr\u0103<\/h3> <p>\u00a0este s\u0103 inspir\u0103m \u0219i s\u0103 echip\u0103m muzicieni cre\u0219tini, cultiv\u00e2nd intimitatea cu Dumnezeu \u0219i form\u00e2nd o genera\u021bie de \u00eenchin\u0103tori autentici.<\/p>\n<h3>Urm\u0103toarea \u00eent\u00e2lnire<\/h3> <p>\u00a0Te a\u0219tept\u0103m la urm\u0103toarea \u00eent\u00e2lnire Worship Room \u2013 un timp de \u00eenchinare, \u00eenv\u0103\u021b\u0103tur\u0103 \u0219i cre\u0219tere \u00eempreun\u0103. Vino s\u0103 fii inspirat, echipat \u0219i s\u0103 experimentezi prezen\u021ba lui Dumnezeu al\u0103turi de o genera\u021bie de \u00eenchin\u0103tori autentici.<\/p>\n<em ><svg aria-hidden=\"true\"><use href=\"#tf-ti-time\"><\/use><\/svg><\/em> 15-16 Mai 2026\n<em ><svg aria-hidden=\"true\"><use href=\"#tf-ti-time\"><\/use><\/svg><\/em> Vineri - 17.00-20.30; S\u00e2mb\u0103t\u0103 - 09.00-19.00\n<em ><svg aria-hidden=\"true\"><use href=\"#tf-ti-location-pin\"><\/use><\/svg><\/em> Centrul Cre\u0219tin Ibelieve, Baia Mare\n<a href=\"https:\/\/worshiproom.ro\/index.php\/contact-2\/\" > \u00ceNSCRIE-TE! <\/a>\n<img src=\"https:\/\/worshiproom.ro\/wp-content\/uploads\/2025\/09\/WORSHIP-ROOM_logo-1024x723-300x211.png\" width=\"300\" height=\"211\" title=\"WORSHIP ROOM_logo\" alt=\"WORSHIP ROOM_logo\" srcset=\"https:\/\/worshiproom.ro\/wp-content\/uploads\/2025\/09\/WORSHIP-ROOM_logo-1024x723-300x211.png 300w, https:\/\/worshiproom.ro\/wp-content\/uploads\/2025\/09\/WORSHIP-ROOM_logo-1024x723.png 1024w, https:\/\/worshiproom.ro\/wp-content\/uploads\/2025\/09\/WORSHIP-ROOM_logo-768x542.png 768w, https:\/\/worshiproom.ro\/wp-content\/uploads\/2025\/09\/WORSHIP-ROOM_logo-1024x723-500x353.png 500w, https:\/\/worshiproom.ro\/wp-content\/uploads\/2025\/09\/WORSHIP-ROOM_logo.png 1235w\" sizes=\"(max-width: 300px) 100vw, 300px\" \/>\n<h3>Dona\u021bii<br\/><\/h3>\n<h3>Sus\u021bine Worship Room<\/h3> <p>Worship Room exist\u0103 pentru a forma \u0219i echipa o genera\u021bie de \u00eenchin\u0103tori autentici. Dac\u0103 vrei s\u0103 fii parte din aceast\u0103 misiune, te invit\u0103m s\u0103 sus\u021bii proiectul prin rug\u0103ciune \u0219i dona\u021bii. Orice contribu\u021bie ne ajut\u0103 s\u0103 organiz\u0103m evenimente, ateliere \u0219i resurse care inspir\u0103 \u0219i transform\u0103 vie\u021bi. \u00cempreun\u0103 putem construi un spa\u021biu unde muzica \u0219i \u00eenchinarea aduc rod pentru \u00cemp\u0103r\u0103\u021bia lui Dumnezeu.<\/p>\n<a href=\"https:\/\/donate.stripe.com\/fZueVcdwIfKTb6MdejdnW0c\" > Doneaz\u0103 <\/a>\n<h3>Trimite-ne un mesaj<\/h3> <form id=\"tb_g085277-form\" method=\"post\" data-post-id=\"0\" data-element-id=\"g085277\" data-orig-id=\"47\" > <input type=\"hidden\" id=\"bc_nonce\" name=\"bc_nonce\" value=\"2367ec6249\" \/><input type=\"hidden\" name=\"_wp_http_referer\" value=\"\/index.php\/wp-json\/wp\/v2\/pages\/47\" \/> <label for=\"tb_g085277-contact-name\"> Nume * <\/label> <input type=\"text\" name=\"contact-name\" placeholder=\" \" id=\"tb_g085277-contact-name\" value=\"\" required> Nume * <label for=\"tb_g085277-contact-email\"> Email * <\/label> <input type=\"email\" name=\"contact-email\" placeholder=\" \" id=\"tb_g085277-contact-email\" value=\"\" required> Email * <label for=\"tb_g085277-contact-subject\"> Subiect * <\/label> <input type=\"text\" name=\"contact-subject\" placeholder=\" \" id=\"tb_g085277-contact-subject\" value=\"\" required> Subiect * <label for=\"tb_g085277-contact-message\"> Mesaj <\/label> <textarea name=\"contact-message\" placeholder=\" \" id=\"tb_g085277-contact-message\"><\/textarea> Mesaj <button type=\"submit\"> Trimite <\/button> <\/form>","_links":{"self":[{"href":"https:\/\/worshiproom.ro\/index.php\/wp-json\/wp\/v2\/pages\/47","targetHints":{"allow":["GET"]}}],"collection":[{"href":"https:\/\/worshiproom.ro\/index.php\/wp-json\/wp\/v2\/pages"}],"about":[{"href":"https:\/\/worshiproom.ro\/index.php\/wp-json\/wp\/v2\/types\/page"}],"author":[{"embeddable":true,"href":"https:\/\/worshiproom.ro\/index.php\/wp-json\/wp\/v2\/users\/1"}],"replies":[{"embeddable":true,"href":"https:\/\/worshiproom.ro\/index.php\/wp-json\/wp\/v2\/comments?post=47"}],"version-history":[{"count":86,"href":"https:\/\/worshiproom.ro\/index.php\/wp-json\/wp\/v2\/pages\/47\/revisions"}],"predecessor-version":[{"id":503,"href":"https:\/\/worshiproom.ro\/index.php\/wp-json\/wp\/v2\/pages\/47\/revisions\/503"}],"wp:attachment":[{"href":"https:\/\/worshiproom.ro\/index.php\/wp-json\/wp\/v2\/media?parent=47"}],"curies":[{"name":"wp","href":"https:\/\/api.w.org\/{rel}","templated":true}]}}