{"id":235,"date":"2025-09-07T19:35:07","date_gmt":"2025-09-07T19:35:07","guid":{"rendered":"https:\/\/worshiproom.ro\/index.php\/contact-copy\/"},"modified":"2026-04-08T09:54:06","modified_gmt":"2026-04-08T09:54:06","slug":"contact-2","status":"publish","type":"page","link":"https:\/\/worshiproom.ro\/index.php\/contact-2\/","title":{"rendered":"\u00censcrieri"},"content":{"rendered":"<!--themify_builder_content-->\n<div id=\"themify_builder_content-235\" data-postid=\"235\" class=\"themify_builder_content themify_builder_content-235 themify_builder tf_clear\">\n                    <div  data-lazy=\"1\" class=\"module_row themify_builder_row tb_o3yx228 tb_first tf_w\">\n                        <div class=\"row_inner col_align_top tb_col_count_1 tf_box tf_rel\">\n                        <div  data-lazy=\"1\" class=\"module_column tb-column col-full tb_ae4y332 first\">\n                    <!-- module fancy heading -->\n<div  class=\"module module-fancy-heading tb_zkc2433 \" data-lazy=\"1\">\n        <h2 class=\"fancy-heading tf_textc\">\n    <span class=\"main-head tf_block\">\n                    \u00censcrieri            <\/span>\n\n    \n    <span class=\"sub-head tf_block tf_rel\">\n                                <\/span>\n    <\/h2>\n<\/div>\n<!-- \/module fancy heading -->\n<!-- module text -->\n<div  class=\"module module-text tb_lk9p932  space \" data-lazy=\"1\">\n        <div  class=\"tb_text_wrap\">\n        <h3 class=\"p1\">\u00censcrie-te la evenimentul \u201eVas de alabastru \u201d \/ 15-16 mai 2026 \u2013 Centrul Cre\u0219tin Ibelieve Baia Mare<\/h3>\n<p class=\"p2\">Dou\u0103 zile dedicate \u00eenchin\u0103rii autentice, pline de sesiuni practice \u0219i momente de cre\u0219tere spiritual\u0103. Vei avea ocazia s\u0103 participi la ateliere pe instrumente \u0219i voce, s\u0103 descoperi principiile spirituale ale \u00eenchin\u0103rii \u0219i s\u0103 interac\u021bionezi direct cu speakerii \u0219i liderii de \u00eenchinare invita\u021bi.<br \/>Taxa de participare: 150 lei<br \/>Include:<br \/>* acces la toate atelierele (instrumente, voce, sesiuni spirituale, MD)<br \/>* welcome coffee<br \/>* \u0219ansa de a c\u00e2\u0219tiga o pereche de c\u0103sti in ear <br \/>Data limit\u0103 de \u00eenscriere: 9 mai 2026<br \/>Vino s\u0103 \u00eenve\u021bi, s\u0103 te conectezi cu al\u021bi \u00eenchin\u0103tori \u0219i s\u0103 fii echipat pentru chemarea ta. \u00censcrie-te acum \u0219i fii parte dintr-o genera\u021bie de \u00eenchin\u0103tori autentici.<\/p>    <\/div>\n<\/div>\n<!-- \/module text --><!-- module divider -->\n<div  class=\"module tf_mw module-divider tb_ytd9178 solid   \" style=\"border-width: 1px;border-color: #000;\" data-lazy=\"1\">\n    <\/div>\n<!-- \/module divider -->\n<!-- module text -->\n<div  class=\"module module-text tb_5ssp966   \" data-lazy=\"1\">\n        <div  class=\"tb_text_wrap\">\n        <p class=\"p1\"><b>\u00censcriere: <\/b>pentru a-\u021bi rezerva locul la eveniment, urmeaz\u0103 pa\u0219ii de mai jos:<\/p>\n<ol start=\"1\">\n<li>\n<p class=\"p1\">Achit\u0103 taxa de participare de <span class=\"s1\"><b>150 lei<\/b><\/span> acces\u00e2nd link-ul de mai jos.<\/p>\n<\/li>\n<li>\n<p class=\"p1\">Completeaz\u0103 datele din formularul de mai jos.<\/p>\n<\/li>\n<\/ol>    <\/div>\n<\/div>\n<!-- \/module text --><!-- module buttons -->\n<div  class=\"module module-buttons tb_5wb7162 buttons-horizontal solid   rounded\" data-lazy=\"1\">\n        <div class=\"module-buttons-item tf_in_flx\">\n                        <a href=\"https:\/\/donate.stripe.com\/eVq14m50cdCLb6McafdnW0b\" class=\"ui builder_button tf_in_flx tb_default_color\" target=\"_blank\" rel=\"noopener\">\n                                                CUMP\u0102R\u0102 BILET                                        <\/a>\n                <\/div>\n            <\/div>\n<!-- \/module buttons -->\n<!-- module plain text -->\n<div  class=\"module module-plain-text tb_ngi9619 \" data-lazy=\"1\">\n        <div class=\"tb_text_wrap\">\n    <style id=\"wpforms-css-vars-439\">\n\t\t\t\t#wpforms-439 {\n\t\t\t\t--wpforms-field-size-input-height: 43px;\n--wpforms-field-size-input-spacing: 15px;\n--wpforms-field-size-font-size: 16px;\n--wpforms-field-size-line-height: 19px;\n--wpforms-field-size-padding-h: 14px;\n--wpforms-field-size-checkbox-size: 16px;\n--wpforms-field-size-sublabel-spacing: 5px;\n--wpforms-field-size-icon-size: 1;\n--wpforms-label-size-font-size: 16px;\n--wpforms-label-size-line-height: 19px;\n--wpforms-label-size-sublabel-font-size: 14px;\n--wpforms-label-size-sublabel-line-height: 17px;\n--wpforms-button-size-font-size: 17px;\n--wpforms-button-size-height: 41px;\n--wpforms-button-size-padding-h: 15px;\n--wpforms-button-size-margin-top: 10px;\n--wpforms-container-shadow-size-box-shadow: none;\n\t\t\t}\n\t\t\t<\/style><div class=\"wpforms-container wpforms-container-full wpforms-render-modern\" id=\"wpforms-439\"><form id=\"wpforms-form-439\" class=\"wpforms-validate wpforms-form wpforms-ajax-form\" data-formid=\"439\" method=\"post\" enctype=\"multipart\/form-data\" action=\"\/index.php\/wp-json\/wp\/v2\/pages\/235\" data-token=\"cbd0c69e513faed3f8894e8211e2f3e6\" data-token-time=\"1776429487\"><noscript class=\"wpforms-error-noscript\">Please enable JavaScript in your browser to complete this form.<\/noscript><div id=\"wpforms-error-noscript\" style=\"display: none;\">Please enable JavaScript in your browser to complete this form.<\/div><div class=\"wpforms-field-container\"><div id=\"wpforms-439-field_1-container\" class=\"wpforms-field wpforms-field-name\" data-field-id=\"1\"><label class=\"wpforms-field-label\" for=\"wpforms-439-field_1\">Nume &amp; prenume <span class=\"wpforms-required-label\" aria-hidden=\"true\">*<\/span><\/label><input type=\"text\" id=\"wpforms-439-field_1\" class=\"wpforms-field-medium wpforms-field-required\" name=\"wpforms[fields][1]\" aria-errormessage=\"wpforms-439-field_1-error\" required><\/div><div id=\"wpforms-439-field_2-container\" class=\"wpforms-field wpforms-field-email\" data-field-id=\"2\"><label class=\"wpforms-field-label\" for=\"wpforms-439-field_2\">Email <span class=\"wpforms-required-label\" aria-hidden=\"true\">*<\/span><\/label><input type=\"email\" id=\"wpforms-439-field_2\" class=\"wpforms-field-medium wpforms-field-required\" name=\"wpforms[fields][2]\" spellcheck=\"false\" aria-errormessage=\"wpforms-439-field_2-error\" required><\/div><div id=\"wpforms-439-field_7-container\" class=\"wpforms-field wpforms-field-phone\" data-field-id=\"7\"><label class=\"wpforms-field-label\" for=\"wpforms-439-field_7\">Mobile <span class=\"wpforms-required-label\" aria-hidden=\"true\">*<\/span><\/label><input type=\"tel\" id=\"wpforms-439-field_7\" class=\"wpforms-field-medium wpforms-field-required wpforms-smart-phone-field\" data-rule-smart-phone-field=\"true\" name=\"wpforms[fields][7]\" aria-label=\"Mobile\" aria-errormessage=\"wpforms-439-field_7-error\" required><\/div><div id=\"wpforms-439-field_3-container\" class=\"wpforms-field wpforms-field-textarea\" data-field-id=\"3\"><label class=\"wpforms-field-label\" for=\"wpforms-439-field_3\">Mesaj<\/label><textarea id=\"wpforms-439-field_3\" class=\"wpforms-field-medium\" name=\"wpforms[fields][3]\" aria-errormessage=\"wpforms-439-field_3-error\" ><\/textarea><\/div>\t\t<div id=\"wpforms-439-field_6-container\"\n\t\t\tclass=\"wpforms-field wpforms-field-text\"\n\t\t\tdata-field-type=\"text\"\n\t\t\tdata-field-id=\"6\"\n\t\t\t>\n\t\t\t<label class=\"wpforms-field-label\" for=\"wpforms-439-field_6\" >(se prenume poate<\/label>\n\t\t\t<input type=\"text\" id=\"wpforms-439-field_6\" class=\"wpforms-field-medium\" name=\"wpforms[fields][6]\" >\n\t\t<\/div>\n\t\t<div id=\"wpforms-439-field_4-container\" class=\"wpforms-field wpforms-field-checkbox\" data-field-id=\"4\"><fieldset><legend class=\"wpforms-field-label\">WORKSHOP I (se poate alege doar unul singur) <span class=\"wpforms-required-label\" aria-hidden=\"true\">*<\/span><\/legend><ul id=\"wpforms-439-field_4\" class=\"wpforms-field-required\" data-choice-limit=\"1\"><li class=\"choice-1 depth-1\"><input type=\"checkbox\" id=\"wpforms-439-field_4_1\" data-rule-check-limit=\"true\" name=\"wpforms[fields][4][]\" value=\"Workshop I \u2013 voce \u2013 Alexandra \u0218erb\u0103nescu\" aria-errormessage=\"wpforms-439-field_4_1-error\" required ><label class=\"wpforms-field-label-inline\" for=\"wpforms-439-field_4_1\">Workshop I \u2013 voce \u2013 Alexandra \u0218erb\u0103nescu<\/label><\/li><li class=\"choice-2 depth-1\"><input type=\"checkbox\" id=\"wpforms-439-field_4_2\" data-rule-check-limit=\"true\" name=\"wpforms[fields][4][]\" value=\"Workshop I \u2013 instrumente \u2013 Chitar\u0103 Electric\u0103 \u2013 Axel \u0218erb\u0103nescu\" aria-errormessage=\"wpforms-439-field_4_2-error\" required ><label class=\"wpforms-field-label-inline\" for=\"wpforms-439-field_4_2\">Workshop I \u2013 instrumente \u2013 Chitar\u0103 Electric\u0103 \u2013 Axel \u0218erb\u0103nescu<\/label><\/li><li class=\"choice-3 depth-1\"><input type=\"checkbox\" id=\"wpforms-439-field_4_3\" data-rule-check-limit=\"true\" name=\"wpforms[fields][4][]\" value=\"Workshop I \u2013 instrumente \u2013 Tobe &amp; Bass \u2013 Andreas Pop, Thomas Onea\" aria-errormessage=\"wpforms-439-field_4_3-error\" required ><label class=\"wpforms-field-label-inline\" for=\"wpforms-439-field_4_3\">Workshop I \u2013 instrumente \u2013 Tobe &amp; Bass \u2013 Andreas Pop, Thomas Onea<\/label><\/li><li class=\"choice-4 depth-1\"><input type=\"checkbox\" id=\"wpforms-439-field_4_4\" data-rule-check-limit=\"true\" name=\"wpforms[fields][4][]\" value=\"Workshop I \u2013 instrumente \u2013 Clape \u2013 Simone As\u0103ndoaie\" aria-errormessage=\"wpforms-439-field_4_4-error\" required ><label class=\"wpforms-field-label-inline\" for=\"wpforms-439-field_4_4\">Workshop I \u2013 instrumente \u2013 Clape \u2013 Simone As\u0103ndoaie<\/label><\/li><\/ul><\/fieldset><\/div><div id=\"wpforms-439-field_5-container\" class=\"wpforms-field wpforms-field-checkbox\" data-field-id=\"5\"><fieldset><legend class=\"wpforms-field-label\">WORKSHOP II (se poate alege doar unul singur) <span class=\"wpforms-required-label\" aria-hidden=\"true\">*<\/span><\/legend><ul id=\"wpforms-439-field_5\" class=\"wpforms-field-required\" data-choice-limit=\"1\"><li class=\"choice-2 depth-1\"><input type=\"checkbox\" id=\"wpforms-439-field_5_2\" data-rule-check-limit=\"true\" name=\"wpforms[fields][5][]\" value=\"Workshop II MD \u2013 (Musical Director) Simone As\u0103ndoaie, Axel \u0218erb\u0103nescu\" aria-errormessage=\"wpforms-439-field_5_2-error\" required ><label class=\"wpforms-field-label-inline\" for=\"wpforms-439-field_5_2\">Workshop II MD \u2013 (Musical Director) Simone As\u0103ndoaie, Axel \u0218erb\u0103nescu<\/label><\/li><li class=\"choice-3 depth-1\"><input type=\"checkbox\" id=\"wpforms-439-field_5_3\" data-rule-check-limit=\"true\" name=\"wpforms[fields][5][]\" value=\"Workshop II Spiritual - Marius Pop\" aria-errormessage=\"wpforms-439-field_5_3-error\" required ><label class=\"wpforms-field-label-inline\" for=\"wpforms-439-field_5_3\">Workshop II Spiritual - Marius Pop<\/label><\/li><\/ul><\/fieldset><\/div><div id=\"wpforms-439-field_13-container\" class=\"wpforms-field wpforms-field-checkbox\" data-field-id=\"13\"><fieldset><legend class=\"wpforms-field-label\">GDPR <span class=\"wpforms-required-label\" aria-hidden=\"true\">*<\/span><\/legend><ul id=\"wpforms-439-field_13\" class=\"wpforms-field-required\"><li class=\"choice-1 depth-1\"><input type=\"checkbox\" id=\"wpforms-439-field_13_1\" name=\"wpforms[fields][13][]\" value=\"Sunt de acord cu prelucrarea datelor personale\" aria-errormessage=\"wpforms-439-field_13_1-error\" required ><label class=\"wpforms-field-label-inline\" for=\"wpforms-439-field_13_1\">Sunt de acord cu prelucrarea datelor personale<\/label><\/li><\/ul><\/fieldset><\/div><script>\n\t\t\t\t( function() {\n\t\t\t\t\tconst style = document.createElement( 'style' );\n\t\t\t\t\tstyle.appendChild( document.createTextNode( '#wpforms-439-field_6-container { position: absolute !important; overflow: hidden !important; display: inline !important; height: 1px !important; width: 1px !important; z-index: -1000 !important; padding: 0 !important; } #wpforms-439-field_6-container input { visibility: hidden; } #wpforms-conversational-form-page #wpforms-439-field_6-container label { counter-increment: none; }' ) );\n\t\t\t\t\tdocument.head.appendChild( style );\n\t\t\t\t\tdocument.currentScript?.remove();\n\t\t\t\t} )();\n\t\t\t<\/script><\/div><!-- .wpforms-field-container --><div class=\"wpforms-submit-container\" ><input type=\"hidden\" name=\"wpforms[id]\" value=\"439\"><input type=\"hidden\" name=\"page_title\" value=\"\"><input type=\"hidden\" name=\"page_url\" value=\"https:\/\/worshiproom.ro\/index.php\/wp-json\/wp\/v2\/pages\/235\"><input type=\"hidden\" name=\"url_referer\" value=\"\"><button type=\"submit\" name=\"wpforms[submit]\" id=\"wpforms-submit-439\" class=\"wpforms-submit\" data-alt-text=\"Se trimite...\" data-submit-text=\"Trimite\" aria-live=\"assertive\" value=\"wpforms-submit\">Trimite<\/button><img loading=\"lazy\" decoding=\"async\" src=\"https:\/\/worshiproom.ro\/wp-content\/plugins\/wpforms\/assets\/images\/submit-spin.svg\" class=\"wpforms-submit-spinner\" style=\"display: none;\" width=\"26\" height=\"26\" alt=\"Loading\"><\/div><\/form><\/div>  <!-- .wpforms-container -->    <\/div>\n<\/div>\n<!-- \/module plain text -->        <\/div>\n                        <\/div>\n        <\/div>\n                        <div  data-lazy=\"1\" class=\"module_row themify_builder_row tb_xs9z000 tf_w\">\n            <span class=\"tb_row_frame_wrap tf_overflow tf_abs\" data-lazy=\"1\"><span class=\"tb_row_frame tb_row_frame_top  tf_abs tf_hide tf_overflow tf_w\"><\/span><\/span>            <div class=\"row_inner col_align_top tb_col_count_1 tf_box tf_rel\">\n                        <div  data-lazy=\"1\" class=\"module_column tb-column col-full tb_439i209 first\">\n                            <\/div>\n                        <\/div>\n        <\/div>\n        <\/div>\n<!--\/themify_builder_content-->","protected":false},"excerpt":{"rendered":"<p>\u00censcrie-te la evenimentul \u201eVas de alabastru \u201d \/ 15-16 mai 2026 \u2013 Centrul Cre\u0219tin Ibelieve Baia Mare Dou\u0103 zile dedicate \u00eenchin\u0103rii autentice, pline de sesiuni practice \u0219i momente de cre\u0219tere spiritual\u0103. Vei avea ocazia s\u0103 participi la ateliere pe instrumente \u0219i voce, s\u0103 descoperi principiile spirituale ale \u00eenchin\u0103rii \u0219i s\u0103 interac\u021bionezi direct cu speakerii \u0219i [&hellip;]<\/p>\n","protected":false},"author":1,"featured_media":0,"parent":0,"menu_order":0,"comment_status":"closed","ping_status":"closed","template":"","meta":{"footnotes":""},"class_list":["post-235","page","type-page","status-publish","hentry","has-post-title","has-post-date","has-post-category","has-post-tag","has-post-comment","has-post-author",""],"builder_content":"<h2>\u00censcrieri<br\/><\/h2>\n<h3>\u00censcrie-te la evenimentul \u201eVas de alabastru \u201d \/ 15-16 mai 2026 \u2013 Centrul Cre\u0219tin Ibelieve Baia Mare<\/h3> <p>Dou\u0103 zile dedicate \u00eenchin\u0103rii autentice, pline de sesiuni practice \u0219i momente de cre\u0219tere spiritual\u0103. Vei avea ocazia s\u0103 participi la ateliere pe instrumente \u0219i voce, s\u0103 descoperi principiile spirituale ale \u00eenchin\u0103rii \u0219i s\u0103 interac\u021bionezi direct cu speakerii \u0219i liderii de \u00eenchinare invita\u021bi.<br \/>Taxa de participare: 150 lei<br \/>Include:<br \/>* acces la toate atelierele (instrumente, voce, sesiuni spirituale, MD)<br \/>* welcome coffee<br \/>* \u0219ansa de a c\u00e2\u0219tiga o pereche de c\u0103sti in ear <br \/>Data limit\u0103 de \u00eenscriere: 9 mai 2026<br \/>Vino s\u0103 \u00eenve\u021bi, s\u0103 te conectezi cu al\u021bi \u00eenchin\u0103tori \u0219i s\u0103 fii echipat pentru chemarea ta. \u00censcrie-te acum \u0219i fii parte dintr-o genera\u021bie de \u00eenchin\u0103tori autentici.<\/p>\n\n<p><b>\u00censcriere: <\/b>pentru a-\u021bi rezerva locul la eveniment, urmeaz\u0103 pa\u0219ii de mai jos:<\/p> <ol start=\"1\"> <li> <p>Achit\u0103 taxa de participare de <b>150 lei<\/b> acces\u00e2nd link-ul de mai jos.<\/p> <\/li> <li> <p>Completeaz\u0103 datele din formularul de mai jos.<\/p> <\/li> <\/ol>\n<a href=\"https:\/\/donate.stripe.com\/eVq14m50cdCLb6McafdnW0b\" target=\"_blank\" rel=\"noopener\"> CUMP\u0102R\u0102 BILET <\/a>\n[wpforms id=\"439\" title=\"false\"]","_links":{"self":[{"href":"https:\/\/worshiproom.ro\/index.php\/wp-json\/wp\/v2\/pages\/235","targetHints":{"allow":["GET"]}}],"collection":[{"href":"https:\/\/worshiproom.ro\/index.php\/wp-json\/wp\/v2\/pages"}],"about":[{"href":"https:\/\/worshiproom.ro\/index.php\/wp-json\/wp\/v2\/types\/page"}],"author":[{"embeddable":true,"href":"https:\/\/worshiproom.ro\/index.php\/wp-json\/wp\/v2\/users\/1"}],"replies":[{"embeddable":true,"href":"https:\/\/worshiproom.ro\/index.php\/wp-json\/wp\/v2\/comments?post=235"}],"version-history":[{"count":44,"href":"https:\/\/worshiproom.ro\/index.php\/wp-json\/wp\/v2\/pages\/235\/revisions"}],"predecessor-version":[{"id":539,"href":"https:\/\/worshiproom.ro\/index.php\/wp-json\/wp\/v2\/pages\/235\/revisions\/539"}],"wp:attachment":[{"href":"https:\/\/worshiproom.ro\/index.php\/wp-json\/wp\/v2\/media?parent=235"}],"curies":[{"name":"wp","href":"https:\/\/api.w.org\/{rel}","templated":true}]}}